 a factor of 58660?
True
Is 8 a factor of 1752?
True
Is 2 a factor of 19?
False
Is 55644 a multiple of 28?
False
Does 2 divide 1044?
True
Does 28 divide 1341?
False
Is 2099 a multiple of 24?
False
Is 35 a factor of 2240?
True
Is 7490 a multiple of 21?
False
Is 48 a factor of 68160?
True
Is 76 a factor of 5980?
False
Does 23 divide 1334?
True
Does 4 divide 3973?
False
Does 36 divide 15218?
False
Is 27 a factor of 182?
False
Is 4690 a multiple of 67?
True
Does 3 divide 10366?
False
Is 6 a factor of 1740?
True
Does 175 divide 14875?
True
Is 3 a factor of 111?
True
Does 284 divide 78668?
True
Is 4732 a multiple of 28?
True
Does 83 divide 5473?
False
Is 17 a factor of 1666?
True
Is 53 a factor of 7293?
False
Does 103 divide 51220?
False
Is 8829 a multiple of 9?
True
Does 9 divide 4264?
False
Does 6 divide 414?
True
Does 2 divide 2179?
False
Does 13 divide 49140?
True
Is 23 a factor of 14168?
True
Is 443 a multiple of 10?
False
Is 1422 a multiple of 18?
True
Is 15 a factor of 17760?
True
Does 6 divide 900?
True
Does 9 divide 1395?
True
Does 28 divide 4564?
True
Does 9 divide 68517?
True
Is 273 a factor of 23879?
False
Is 10217 a multiple of 17?
True
Is 139 a factor of 5143?
True
Is 116 a multiple of 3?
False
Is 777 a multiple of 22?
False
Is 23 a factor of 38571?
True
Is 11551 a multiple of 105?
False
Is 150 a multiple of 6?
True
Does 2 divide 42?
True
Does 70 divide 16520?
True
Does 12 divide 406?
False
Is 5 a factor of 436?
False
Does 12 divide 696?
True
Does 18 divide 382?
False
Is 22 a factor of 733?
False
Does 69 divide 10488?
True
Does 3 divide 1344?
True
Is 52 a factor of 14035?
False
Does 188 divide 61664?
True
Is 5136 a multiple of 40?
False
Is 42 a factor of 2016?
True
Is 10 a factor of 588?
False
Does 41 divide 3034?
True
Is 558 a multiple of 6?
True
Does 39 divide 19808?
False
Does 8 divide 59760?
True
Is 860 a multiple of 4?
True
Does 43 divide 5719?
True
Does 49 divide 8805?
False
Is 26401 a multiple of 63?
False
Is 19 a factor of 11001?
True
Does 9 divide 486?
True
Is 9926 a multiple of 183?
False
Is 40 a factor of 13880?
True
Is 18 a factor of 2394?
True
Is 5560 a multiple of 10?
True
Is 17 even?
False
Does 34 divide 1428?
True
Is 19 a factor of 53789?
True
Does 60 divide 22800?
True
Is 1900 a multiple of 19?
True
Does 76 divide 1976?
True
Is 23 a factor of 29555?
True
Does 16 divide 49382?
False
Is 144 a multiple of 12?
True
Does 44 divide 1819?
False
Is 18 a factor of 8712?
True
Is 20 a factor of 4655?
False
Is 909 a multiple of 11?
False
Is 20 a factor of 591?
False
Does 284 divide 32660?
True
Is 2919 a multiple of 68?
False
Does 25 divide 423?
False
Is 9 a factor of 5994?
True
Does 36 divide 14832?
True
Is 47 a factor of 9964?
True
Is 5 a factor of 263?
False
Is 147 a factor of 2058?
True
Does 5 divide 374?
False
Is 17 a factor of 474?
False
Is 6 a factor of 1824?
True
Is 17 a factor of 133?
False
Is 194 a factor of 57036?
True
Does 169 divide 6560?
False
Is 20 a factor of 1060?
True
Is 28 a multiple of 23?
False
Does 46 divide 1380?
True
Does 6 divide 695?
False
Does 70 divide 65468?
False
Is 60 a factor of 45823?
False
Is 1622 a multiple of 53?
False
Is 28 a factor of 1519?
False
Is 896 a multiple of 86?
False
Is 13 a factor of 6344?
True
Is 56761 a multiple of 53?
False
Is 38 a factor of 456?
True
Does 37 divide 1371?
False
Is 609 a multiple of 19?
False
Is 2216 a multiple of 8?
True
Is 27 a factor of 24990?
False
Is 203 a multiple of 12?
False
Does 11 divide 781?
True
Is 4519 a multiple of 68?
False
Is 8 a factor of 5680?
True
Is 71081 a multiple of 209?
False
Does 33 divide 11998?
False
Is 369 a multiple of 6?
False
Is 7579 a multiple of 13?
True
Is 1443 a multiple of 20?
False
Is 20049 a multiple of 163?
True
Is 270 a multiple of 7?
False
Is 480 a multiple of 12?
True
Is 1628 a multiple of 11?
True
Is 18 a factor of 2222?
False
Does 37 divide 882?
False
Is 19 a factor of 931?
True
Is 21 a factor of 3997?
False
Is 3 a factor of 1902?
True
Does 18 divide 133182?
True
Does 20 divide 160?
True
Does 19 divide 5837?
False
Does 7 divide 7?
True
Is 5240 a multiple of 20?
True
Is 93 a multiple of 3?
True
Is 115 a factor of 63913?
False
Does 7 divide 182?
True
Is 12 a factor of 1068?
True
Is 752 a multiple of 28?
False
Does 92 divide 25944?
True
Does 7 divide 823?
False
Is 630 a multiple of 14?
True
Does 45 divide 5940?
True
Does 2 divide 108?
True
Is 2070 a multiple of 12?
False
Is 139 a factor of 96883?
True
Does 152 divide 5144?
False
Is 9 a factor of 189?
True
Is 82 a factor of 28290?
True
Is 2506 a multiple of 23?
False
Does 23 divide 614?
False
Is 771 a multiple of 25?
False
Is 37 a factor of 10397?
True
Is 58 a factor of 522?
True
Does 45 divide 4275?
True
Is 30 a factor of 1562?
False
Is 38 a factor of 25840?
True
Does 170 divide 11829?
False
Is 24979 a multiple of 45?
False
Does 16 divide 734?
False
Does 79 divide 3551?
False
Is 72 a factor of 3632?
False
Does 20 divide 229?
False
Is 11 a factor of 1901?
False
Does 102 divide 2346?
True
Is 167 a factor of 28207?
False
Does 26 divide 339?
False
Does 13 divide 325?
True
Does 14 divide 291?
False
Is 22 a factor of 1232?
True
Is 165 a multiple of 19?
False
Is 19053 a multiple of 3?
True
Does 143 divide 37752?
True
Is 31616 a multiple of 14?
False
Is 14 a factor of 208?
False
Is 7 a multiple of 7?
True
Is 3114 a multiple of 16?
False
Is 2 a factor of 19?
False
Does 85 divide 850?
True
Is 44 a factor of 12714?
False
Does 15 divide 3660?
True
Is 24 a factor of 3936?
True
Does 241 divide 16388?
True
Does 41 divide 36080?
True
Does 7 divide 35?
True
Is 13 a factor of 4108?
True
Is 15 a factor of 1672?
False
Is 105 a factor of 1914?
False
Does 37 divide 7283?
False
Is 117 a factor of 4912?
False
Does 77 divide 1225?
False
Is 5212 a multiple of 240?
False
Is 50 a factor of 2991?
False
Is 50 a multiple of 25?
True
Is 6 a factor of 334?
False
Does 4 divide 1099?
False
Is 59262 a multiple of 34?
True
Is 3468 a multiple of 42?
False
Is 6930 a multiple of 11?
True
Is 13225 a multiple of 31?
False
Is 15 a factor of 597?
False
Does 23 divide 253?
True
Is 3321 a multiple of 41?
True
Does 11 divide 18249?
True
Is 4 a factor of 183?
False
Is 29 a factor of 580?
True
Is 118126 a multiple of 16?
False
Does 4 divide 5715?
False
Is 194 a factor of 19928?
False
Is 999 a multiple of 9?
True
Does 30 divide 870?
True
Is 29 a factor of 4872?
True
Does 7 divide 6633?
False
Is 4 a factor of 724?
True
Does 107 divide 22149?
True
Is 48 a factor of 14064?
True
Is 1862 a multiple of 49?
True
Does 4 divide 1240?
True
Is 313 a factor of 16976?
False
Is 39 a factor of 702?
True
Is 20721 a multiple of 192?
False
Is 9 a factor of 11122?
False
Is 5889 a multiple of 30?
False
Is 2085 a multiple of 33?
False
Does 3 divide 45?
True
Is 104 a factor of 29432?
True
Does 4 divide 6385?
False
Is 10587 a multiple of 22?
False
Does 4 divide 80?
True
Does 48 divide 2112?
True
Is 6142 a multiple of 37?
True
Is 1024 a multiple of 8?
True
Is 33 a factor of 102951?
False
Is 4 a factor of 556?
True
Does 30 divide 142?
False
Is 31 a multiple of 31?
True
Is 4 a factor of 2909?
False
Does 61 divide 2135?
True
Is 3 a factor of 28?
False
Does 7 divide 1556?
False
Is 19 a factor of 61486?
False
Does 5 divide 7655?
True
Is 680 a multiple of 20?
True
Does 40 divide 8400?
True
Does 25 divide 90725?
True
Is 1953 a multiple of 63?
True
Is 4127 a multiple of 18?
False
Does 35 divide 280?
True
Is 7395 a multiple of 29?
True
Does 86 divide 20913?
False
Does 6 divide 486?
True
Is 8455 a multiple of 11?
False
Does 14 divide 3587?
False
Is 14316 a multiple of 4?
True
Is 2 a factor of 152?
True
Is 13746 a multiple of 281?
False
Is 34 a factor of 1190?
True
Does 10 divide 12417?
False
Does 8 divide 2243?
False
Is 9 a factor of 79929?
True
Is 175 a multiple of 4?
False
Is 58 a factor of 32712?
True
Is 93 a factor of 35340?
True
Does 9 divide 183?
False
Is 594 a multiple of 3?
True
Does 27 divide 108?
True
Does 3 divide 3987?
True
Is 281 a multiple of 41?
False
Is 37 a factor of 609?
False
Is 11 a factor of 266?
False
Does 33 divide 232?
False
Is 1034 a multiple of 11?
True
Does 19 divide 13786?
False
Is 600 a multiple of 15?
True
Is 7 a factor of 31292?
False
Is 287 a factor of 33866?
True
Does 39 divide 35763?
True
Does 74 divide 1480?
True
Does